= 0. What is the highest common divisor of r and n?
2
Let x be (-6)/(-5)*270/12. What is the greatest common divisor of 81 and x?
27
Let a(l) = -l**2 + 13*l**3 + 4*l + 2 - 4*l**2 - 12*l**3 + 0. Let b be a(4). Suppose -5*r + b*r + 165 = 0. What is the greatest common divisor of r and 5?
5
Let q = 28 + 82. What is the greatest common divisor of q and 10?
10
Let c = 12 + -23. Let i = 15 + c. Suppose 4*a = 4*j + 148, 5*a - i*j - 173 = -2*j. Calculate the highest common divisor of 11 and a.
11
Suppose 7 = 3*q - 2. Suppose 0 = 4*h - 5*m - 49, -h - 3*m - q - 6 = 0. Calculate the greatest common divisor of 4 and h.
2
Suppose 47 = 2*d + 5*y, 0*d + 37 = 2*d + 3*y. Calculate the greatest common factor of 1 and d.
1
Let w be 83/4 - 15/20. What is the greatest common divisor of w and 60?
20
Suppose 27 = -2*h + 5*h. Let m be 3/h + 71/3. What is the greatest common divisor of 3 and m?
3
Suppose q + 3*x = 6*x + 43, 168 = 3*q + 4*x. Calculate the greatest common factor of 13 and q.
13
Suppose -35 = 3*i - 77. What is the greatest common factor of i and 112?
14
Let k be 4*14*3/12. Let z be (-1)/(1 - 6/4). Suppose z*s = -x + 17, 0 = 2*s - 15 + 5. What is the greatest common divisor of x and k?
7
Let y be 15/6 + (-1)/2. Let n be y/(-6) - (-436)/12. What is the greatest common factor of n and 4?
4
Let u be ((-60)/(-75))/(1/5). Let w = 24 + u. Calculate the greatest common divisor of 70 and w.
14
Let j = 16 - 9. Suppose -j = -3*r + 20. Let f be (-2)/4*(5 - 23). Calculate the highest common divisor of r and f.
9
Let d(p) = 9*p**2 + 3*p - 2. Let r be d(2). Let c be 16/(-96) + 49/6. What is the greatest common factor of c and r?
8
Suppose -388 = 5*f - 4*s - 1123, -f + s + 148 = 0. What is the greatest common divisor of 13 and f?
13
Suppose 0 = -4*m + 8*m - 5*w - 289, -3*m - 2*w + 234 = 0. What is the greatest common factor of 190 and m?
38
Suppose z + 4*z - 25 = 0. Suppose 0*p = 2*v + 5*p, v + z*p = 0. Suppose v = 4*l - l - 450. Calculate the greatest common divisor of 15 and l.
15
Suppose 4*s + s - 200 = 0. Let d = s - -81. Calculate the highest common divisor of d and 11.
11
Let h = -2 - -3. Suppose 161 - 25 = 5*i + 2*z, i - 5*z - 11 = 0. Suppose -1 = 5*d - i. What is the greatest common divisor of d and h?
1
Let x = 2 + -2. Suppose 4*o - 6 - 14 = 3*c, x = 4*o - 5*c - 20. Let h be (-352)/(-5) - 2/o. Calculate the greatest common factor of h and 14.
14
Let o be 120 - 1 - (-4 - -3). Suppose -92 = -3*p + 5*i, -3*p - i + 68 = -0*p. Suppose -2*h + p = -6. Calculate the greatest common factor of h and o.
15
Let u(i) = 5*i**3 - 6*i**2 + 4*i + 4. Let g(c) = c**3. Let a(h) = 4*g(h) - u(h). Let q be a(4). What is the greatest common factor of 12 and q?
12
Let z(w) = -w**3 + w**2 + w + 1. Let r be z(-1). Suppose k - t - 42 = -r*t, -t - 198 = -5*k. Calculate the greatest common factor of 20 and k.
20
Let l = -66 - -76. Suppose -46 = -p + 3*j, -5*p + 5*j + 213 = 3. Calculate the highest common divisor of p and l.
10
Let r be -1*((-4)/4 + 1). Suppose r = 5*k + n - 3*n - 168, 0 = -2*k - 4*n + 48. Calculate the highest common divisor of 8 and k.
8
Suppose 5*m + 0*m - 60 = 0. Suppose -4*a - 3*d = -108 - 344, -m = -3*d. Calculate the highest common factor of 10 and a.
10
Let u = 13 + 33. Let q(w) = -w**2 - 5*w - 1. Let d be q(-5). Let v = d + u. What is the highest common factor of 18 and v?
9
Suppose -2*u + 4*u = 252. Let t(j) = -3*j - 13. Let l be t(-9). Calculate the greatest common factor of u and l.
14
Suppose -7*u + 36 + 62 = 0. What is the highest common factor of u and 42?
14
Let d(i) = i + 6. Let f be d(2). What is the highest common factor of 32 and f?
8
Suppose 0 = 2*p - k - 3 - 4, 50 = 5*p + 4*k. Let w be 36 - 4 - (16/(-4) + 6). Calculate the highest common factor of p and w.
6
Suppose v = 3*v - 70. Let n be 1/5 - 7/v. Suppose n*j + j - 24 = 0. Calculate the greatest common factor of 6 and j.
6
Let f be (-20)/(-90) - 74/9. Let b = f - -11. Suppose -b*s + 135 = 2*s. What is the highest common divisor of 9 and s?
9
Suppose 6 = -g - 3*d, -5*d - 43 = -0*g - 2*g. Let z(t) = -t + 14. Let h be z(5). What is the greatest common factor of h and g?
9
Suppose 0 = 4*x + 16 - 4. Let d be ((-8)/3)/(2/x). Suppose -3*w - 45 = -d*w. What is the greatest common divisor of w and 15?
15
Let m = 35 + -8. Calculate the greatest common divisor of m and 108.
27
Suppose 3*m + 7 = -5. Let j = 0 - m. Suppose -164 = -2*o - 4*v, 140 - 443 = -j*o - 3*v. Calculate the greatest common divisor of o and 9.
9
Suppose -5*d = -11*d + 60. Let x(v) = 2*v**2 - 4*v - 6. Let n be x(-6). What is the highest common divisor of n and d?
10
Suppose 2*j + 2 = 14. Let h = j + -3. Let q be (-2 - -1)/(h/(-45)). Calculate the highest common factor of q and 75.
15
Suppose -4*y = -5*y + 8. Calculate the highest common divisor of y and 8.
8
Let b = -16 - -36. What is the highest common divisor of 10 and b?
10
Let o be -3 + (-4)/4 - -59. Calculate the greatest common divisor of 11 and o.
11
Let c be (-173)/(-9) + (-2)/9. Suppose -10 = 2*b + 3*b, 5*t + 2*b = 56. Let r be c/3 - (-8)/t. What is the highest common divisor of r and 77?
7
Suppose -3*u + 2*y = -31, 51 = -0*u + 3*u + 3*y. Calculate the highest common factor of 52 and u.
13
Let f(b) = -20*b - 36. Let w be f(-3). Calculate the greatest common factor of 30 and w.
6
Let d(i) = i + 4. Let g be d(-3). Suppose -g = -2*q + 47. Suppose 2 = -2*l, 3*u - 5*l - q - 8 = 0. What is the highest common factor of u and 9?
9
Let j be 28/14*2/4. Let b be 2/((-3)/((-6)/4)). What is the greatest common factor of j and b?
1
Suppose 0*o - 3*o = -15. Suppose -i - c + 5*c = -81, -5*i - o*c + 305 = 0. What is the highest common divisor of 26 and i?
13
Suppose v = 4*f - 189, 0 = -4*f + f + 4*v + 132. Calculate the highest common factor of 6 and f.
6
Suppose 220 = 2*s - 4*m, -2*s = -4*s - m + 245. Suppose -5*j = -5*g + s, g = -0*j + 3*j + 30. Calculate the greatest common divisor of 105 and g.
21
Suppose 4*i + 2*c = -c - 365, 4*i - 2*c = -350. Let q = i - -125. What is the greatest common factor of 9 and q?
9
Let z be 5*(-4)/(-10) + 108. Let g = z - 78. Calculate the greatest common factor of g and 16.
16
Let p = 6 - 6. Let n = p - -3. Calculate the highest common factor of n and 3.
3
Let c(t) = t - 3*t**2 + 5*t - t**3 - 4*t. Let o be c(-5). Calculate the greatest common factor of 10 and o.
10
Let g = 9 - -1. Calculate the highest common factor of g and 10.
10
Let i be 1/(-6)*2*-9. Suppose 3*c + g = 6, -4*c = 2*g - i*g - 15. What is the highest common factor of 2 and c?
1
Suppose 3*b = 15, -2*f = 3*f - b - 105. Calculate the greatest common factor of f and 55.
11
Let t be 38/((-6)/3)*-2. What is the greatest common factor of t and 57?
19
Suppose 4*p - 26 = -f + 6*p, -158 = -5*f - 4*p. Calculate the greatest common divisor of f and 75.
15
Suppose -108 = 4*r + 5*a - 406, -2*r - 3*a = -148. Let w be -22*((-3)/2 - -1). Calculate the highest common divisor of r and w.
11
Let z = 19 - -21. What is the highest common divisor of z and 4?
4
Let v = -27 + 63. Let b(x) = 6*x**2 - x - 1. Let f(w) = w**2 - 4*w - 6. Let m be f(5). Let o be b(m). What is the highest common divisor of o and v?
6
Let j be (-4)/14 - 64/(-28). Suppose 0 = 5*d - 4*l - 200, -5*d = -j*l - l - 200. Calculate the highest common divisor of 20 and d.
20
Suppose 12 = 4*p + 2*v, 2*p + 4*v - 3 = 15. Calculate the highest common factor of p and 9.
1
Let c = 14 + -8. Suppose -5*o = -4*a - 0*o - 3, -2*a + 12 = 2*o. Let d be a + -1 + -2 + 9. Calculate the greatest common factor of d and c.
3
Suppose 12*m + 64 = 14*m. Calculate the greatest common factor of 8 and m.
8
Let h(d) = -2*d - 2. Let s be 0/(1 - -2) - -3. Let j be h(s). Let m be (2/4)/((-1)/j). What is the highest common factor of m and 6?
2
Let i be 1 - (-59 - (1 + -5)). What is the greatest common factor of 14 and i?
14
Let p be (-16)/104 + (-4578)/(-13). Calculate the greatest common divisor of p and 32.
32
Suppose 2*n - 2 = 8. Suppose 0 = -160*d + 155*d + 50. What is the highest common factor of d and n?
5
Let o be 1 - (141/(-15) - (-4)/10). Calculate the highest common factor of o and 190.
10
Let c(p) = -10*p**2 + 4*p + 1. Let m(d) = -10*d**2 + 4*d + 1. Let a(v) = 2*c(v) - 3*m(v). Let w be a(3). What is the highest common divisor of 7 and w?
7
Let z(q) = -2*q - 13. Let m = 5 + -